.
51
Let t(y) = y**2 - 10*y - 13. Let u = 129 - 2. Calculate the remainder when u is divided by t(13).
23
Suppose 0*q - 5*q = 4*i - 611, 5*q - 4*i = 579. What is the remainder when q is divided by 24?
23
Suppose n = 4*n - 6. Suppose 90 = 7*r - n*r. Calculate the remainder when 54 is divided by r - (-4 + (-6)/(-2)).
16
Let x(i) = -i**3 - 22*i**2 - 21*i + 8. Let g be x(-21). Suppose 0 = g*w - 6*w - 4. What is the remainder when 6/1*13/w is divided by 20?
19
Let l = -49 + 54. Calculate the remainder when 22 is divided by l + -5 + -1 + 9.
6
Suppose 2*i = 4*i - 226. Suppose -5*l - 3*r + i = -l, 4*l = -4*r + 108. Calculate the remainder when l is divided by 18 + (0 - (2 - 1)).
15
Suppose 8*w = 3*w - 95. Let f = w + 19. Let r = 24 - f. Calculate the remainder when 93 is divided by r.
21
Suppose -2*i - 3*i = 4*p, 0 = -4*p + 2*i. Suppose p = 10*l - 30 - 50. Calculate the remainder when 12 is divided by l.
4
Let a = 264 + -233. What is the remainder when 70 is divided by a?
8
Let o = 332 + -324. Let q = 94 - 51. Calculate the remainder when q is divided by o.
3
Suppose 0 = 4*g - 8, -5*g = -5*b - 4 - 6. Suppose j + 0*j + d - 9 = b, 4*d + 72 = 5*j. Let x = j + -5. What is the remainder when 13 is divided by x?
6
Suppose 230 + 568 = 21*s. Calculate the remainder when 264 is divided by s.
36
Let p = 34 - 29. Suppose p*d = 13*d - 616. What is the remainder when d is divided by 20?
17
Let s(u) = -u**3 - u + 12. Let m be s(0). Calculate the remainder when (-5 + 3)*(-366)/m is divided by 16.
13
Let l = -12 + 28. Suppose -14*b = -19*b + 420. Calculate the remainder when (-24)/b + ((-636)/7)/(-3) is divided by l.
14
What is the remainder when (21/(-6))/((-1)/(-132)*-1) is divided by 16?
14
Suppose -4222 = -53*d + 1873. Calculate the remainder when d is divided by 7.
3
Suppose 5*h = 22 + 108. Let g = -4 + 4. Suppose 5*b + 2*u - 386 = g, -b = -4*b - 2*u + 234. Calculate the remainder when b is divided by h.
24
Suppose -24 = a - 3*a. Let l = a + 2. Let z = l + -7. What is the remainder when 25 is divided by z?
4
Let m(k) = 8*k - 3. Let n be 66/36 + (-2)/(-12). Calculate the remainder when 101 is divided by m(n).
10
Let b(o) = o**2 - 6*o + 9. Let v(h) = h**3 - 10*h**2 - 12*h + 26. What is the remainder when v(11) is divided by b(6)?
6
Suppose 0 = 2*w - 3*t, -4*w - t + 6*t - 2 = 0. Let j(v) = -3*v**3 - 9*v**2 - 6*v - 1. Calculate the remainder when 26 is divided by j(w).
9
Let l(r) = 2*r**2 - 6*r. Let f be l(5). Suppose -5*m = -f, 2*i + m - 58 = 18. Suppose 3*a - i = -a. What is the remainder when 17 is divided by a?
8
Suppose -5*i + 24 = 64. Let x be (-1)/(-4) + (-62)/i. Suppose 0 = x*c - 5*c - 87. What is the remainder when c is divided by 16?
13
Suppose 12*k - 4725 = -9*k. What is the remainder when k is divided by 4?
1
Suppose -5*c = -0 + 15. Let x be 34/c - (-4)/(-6). Let v = x + 28. What is the remainder when 47 is divided by v?
15
Calculate the remainder when 174 is divided by (2 - 4)*9/((-45)/55).
20
Let v be -1 + 98 + -4 + 1. Let k = v + -61. What is the remainder when (-2)/(-4)*(k - -1) is divided by 10?
7
Let h = 1 - -19. What is the remainder when h is divided by 5?
0
Suppose 0 = 4*s + 20, 5*s + 110 = 5*k + s. Calculate the remainder when (-405)/(-12) - (-7 + 341/44) is divided by k.
15
Let r(p) = -2*p**2 + 30*p - 29. Calculate the remainder when r(13) is divided by 9.
5
Calculate the remainder when 4*(-4)/24*-669 is divided by 90.
86
Let g(v) = v**2 + 19*v + 36. Let z(p) = -2*p - 5. What is the remainder when z(-4) is divided by g(-17)?
1
Let a = 13 + -33. Let g = a + 34. What is the remainder when 40 is divided by g?
12
Let x = -188 - -214. Calculate the remainder when 60 is divided by x.
8
Suppose -186 + 87 = -9*p. What is the remainder when 48 is divided by p?
4
Let h be (6/1 - 3) + 1. Let g be (-10)/(-4) - (-2)/h. Suppose -5*k - 38 = -b, -5*b - k = -g*k - 144. Calculate the remainder when b is divided by 10.
8
Suppose -2*k + 11*k - 72 = 0. Suppose k*i - 303 = 249. Calculate the remainder when i is divided by 10.
9
Let q(x) = -x**3 + 3*x**2 + x - 3. Let u be q(3). Let l be 3 - (1 + -2 - u). Calculate the remainder when 31 is divided by ((-16)/(-24))/(l/66).
9
Suppose 4*z + 0*z - 3*l - 31 = 0, l = 4*z - 21. Suppose -5*j = -f - 3*f + 254, -z*f + 2*j = -260. Let p = 47 - 30. What is the remainder when f is divided by p?
15
Suppose -3*l + 150 = 5*p, p = 5*l + 24 + 6. What is the remainder when p is divided by 23?
7
Suppose -4*m - 21 = -101. Suppose 0 = -10*y + 21 + 29. Suppose 0 = 3*r + y*a - 95, m = 2*r - 2*a - 70. What is the remainder when r is divided by 14?
12
Let n be (-216)/84*(-48 - 1). Calculate the remainder when (-28)/n - 236/(-9) is divided by 9.
8
Let a(p) = -p**3 + 15*p**2 - p + 14. Let b be a(15). Let h be b*(-2 - -3) - -11. Let m = 9 + h. What is the remainder when 53 is divided by m?
15
Suppose -i - 12 = -3*j, -3*j = -6*j + 2*i + 12. Let f = j + 1. Suppose 3*k = 4*k + 1, f*k + 22 = u. What is the remainder when 50 is divided by u?
16
Let h(b) = -31*b - 1. Let d(x) = -63*x - 2. Let t(c) = -6*d(c) + 13*h(c). Calculate the remainder when t(-1) is divided by 9.
6
What is the remainder when (-6)/15*-1*235 is divided by (-2)/13 + 158/13?
10
Let w(o) = -o**2 + 6*o + 4. Let t be w(6). Suppose t*r = -r - 355. Let x = -33 - r. What is the remainder when x is divided by 8?
6
Suppose -3*h + 2*a + 50 = -2*h, 0 = 3*h - 5*a - 155. Let p = 58 - 27. What is the remainder when h is divided by p?
29
Suppose -8*p + 10 = -6*p. Let a(d) = d**2 + 2*d + 3. Let x be a(-5). Let t = x + -6. What is the remainder when t is divided by p?
2
Suppose 39*w + 5*w = 2684. What is the remainder when w is divided by 17?
10
Let v = -1029 + 1036. Suppose -5*o - 5*r + 50 = -0, 4*r = 2*o + 10. Calculate the remainder when v is divided by o.
2
Let c(b) = 17*b**2. What is the remainder when (2/(-6))/((-157)/20253) is divided by c(-1)?
9
Let q = -15 - -73. Suppose 3*a - 4*v - 24 = 7, -q = -4*a - 3*v. Calculate the remainder when 41 is divided by a.
2
Let z(t) = t**3 - 3*t**2 - 4*t + 2. Suppose 0 = 5*p - 13*p. Suppose -5*h - w + 111 = -p*h, -5*h + 106 = -4*w. Calculate the remainder when z(6) is divided by h.
20
Suppose -2*d - 7 + 19 = 0. Suppose w + d = 3*w. Suppose -1 - 7 = -q. Calculate the remainder when q is divided by w.
2
Let u(p) = p**2 - 4*p - 2. Let l be u(5). Suppose -4*x - 11 = 3*n, 2*x = x + l*n + 16. Calculate the remainder when x is divided by 1.
0
Let r(u) = 3*u - 1. Calculate the remainder when (-3)/((-9)/(-3))*(3 - 69)/6 is divided by r(2).
1
Let i = -1136 - -1156. Calculate the remainder when 43 is divided by i.
3
Suppose -2*r + 231 = -3*p, 0 = r - 4*p - 56 - 72. What is the remainder when 215 is divided by r?
107
Let w be (9/12)/(6/(-2 + 554)). Suppose w*t = 64*t + 180. Calculate the remainder when t is divided by 13.
10
Suppose -5*d = -73*w + 68*w + 65, -29 = -2*w + 5*d. Suppose h + 2*h = 186. Let t = -27 + h. What is the remainder when t is divided by w?
11
Let j = 143 + -75. Let o(n) = -13*n + 5. What is the remainder when j is divided by o(-1)?
14
Let b = -23 - -48. Let q(s) = -s + 1. Let k be q(-2). Suppose k*n - 6 = 0, 3*w + 3*n = 6*w - 21. Calculate the remainder when b is divided by w.
7
Let c = 31 + -12. Let m = 116 - 106. What is the remainder when c is divided by m?
9
Let r(p) = 3*p**2 + 8*p - 65. Calculate the remainder when 151 is divided by r(5).
1
Let u(r) = -4*r - 12*r + 4 + 4*r. Let z be u(16). What is the remainder when 3 - (-1)/((-4)/z) is divided by 13?
11
Suppose 157 = 7*z - 956. Calculate the remainder when z is divided by 1/(-2) + (-243)/(-6).
39
Suppose 1876 = 19*x - 12*x. Calculate the remainder when x is divided by 45.
43
Suppose -38*c + 13457 - 2171 = 0. Calculate the remainder when c is divided by 98.
3
Let n(u) = 26*u + 4. Let b be n(6). Let i be (-3)/(-3) - 9/((-36)/8). Suppose -7*r + i*r = -b. Calculate the remainder when r is divided by 11.
7
Let q = -21 - -70. What is the remainder when 195 is divided by q?
48
What is the remainder when -1*(-3 - (-534)/12)*-6 is divided by 42?
39
Suppose 117*z + 572 = 10868. Calculate the remainder when z is divided by 18.
16
What is the remainder when 267 is divided by (3016/(-208))/((-1)/4)?
35
Let y = 10 + 0. Let h = -85 + 90. Suppose -h*u + 132 = 2*r, 0 = -2*u - 2*r - 2*r + 40. What is the